{"id":218,"date":"2023-12-10T14:48:42","date_gmt":"2023-12-10T13:48:42","guid":{"rendered":"http:\/\/rtkwhl.domainkunden.de\/wordpress\/?page_id=218"},"modified":"2023-12-12T09:53:45","modified_gmt":"2023-12-12T08:53:45","slug":"geruestbau-2","status":"publish","type":"page","link":"https:\/\/freko.com\/","title":{"rendered":"Ger\u00fcstbau"},"content":{"rendered":"\n<p><strong>100% Expertise seit 1993.<\/strong><\/p>\n\n\n\n<p>Unser Leistungsspektrum umfasst die Montage von <strong>Fassadenger\u00fcsten<\/strong>, <strong>Dachdeckerschutzger\u00fcsten<\/strong>, <strong>Rollger\u00fcsten <\/strong>sowie <strong>Sonderkonstruktionen<\/strong>.<\/p>\n\n\n\n<p>Um Ihnen eine passgenaue L\u00f6sung anbieten zu k\u00f6nnen, werden die Baustellen von uns bereits in der Angebotsphase besichtigt und vermessen.<\/p>\n\n\n\n<p><strong>Die Erstellung eines unverbindlichen Angebots ist f\u00fcr Sie im Rahmen unseres Services kostenfrei<\/strong>.<\/p>\n\n\n\n<div style=\"height:23px\" aria-hidden=\"true\" class=\"wp-block-spacer\"><\/div>\n\n\n\n<p>Unsere Standorte<\/p>\n\n\n\n<div class=\"wp-block-columns is-layout-flex wp-container-core-columns-is-layout-1 wp-block-columns-is-layout-flex\">\n<div class=\"wp-block-column is-layout-flow wp-block-column-is-layout-flow\">\n<p><strong>Schweich (DE)<br>Freko Ger\u00fcstbau GmbH<\/strong><br><a href=\"https:\/\/maps.app.goo.gl\/kkXDzUg4tfE5gxSc8\">Google Maps<\/a><br>Gewerbegebiet Am Bahnhof 16<br>DE &#8211; 54338 Schweich<br>Tel: 0049 (0) 6502 994612<br>Fax: 0049 (0) 6502 20971<br>E-Mail:&nbsp;<a href=\"mailto:info@freko.com?subject=Kontakt%20via%20freko.com\">info[at]freko.com<\/a><\/p>\n<\/div>\n\n\n\n<div class=\"wp-block-column is-layout-flow wp-block-column-is-layout-flow\">\n<p><strong>Wecker (LUX)<br>Freko \u00c9chafaudages S.a.r.L.<\/strong><br><a href=\"https:\/\/maps.app.goo.gl\/P74nfCwvmcqAgZHZ9\">Google Maps<\/a><br>Duchscherstross 18<br>LUX &#8211; 6868 Wecker<br>Tel: 00352 (0) 26710134<br>Mobil: 0049 (0) 172 6034747<br>E-Mail:&nbsp;<a href=\"mailto:info@freko.com?subject=Kontakt%20via%20freko.com\">info[at]freko.com<\/a><\/p>\n<\/div>\n<\/div>\n\n\n\n<div class=\"wp-block-columns is-layout-flex wp-container-core-columns-is-layout-2 wp-block-columns-is-layout-flex\">\n<div class=\"wp-block-column is-layout-flow wp-block-column-is-layout-flow\">\n<p><strong>Schweich (DE)<br>Freko Ger\u00fcstbau GmbH<\/strong><br>Gewerbegebiet Am Bahnhof 16<br>DE &#8211; 54338 Schweich<br>Tel: 0049 (0) 6502 994612<br>Fax: 0049 (0) 6502 20971<br>E-Mail:\u00a0<a href=\"mailto:info@freko.com?subject=Kontakt%20via%20freko.com\">info[at]freko.com<\/a><\/p>\n<\/div>\n\n\n\n<div class=\"wp-block-column is-layout-flow wp-block-column-is-layout-flow\">\n<p><strong>Wecker (LUX)<br>Freko \u00c9chafaudages S.a.r.L.<\/strong><br>Duchscherstross 18<br>LUX &#8211; 6868 Wecker<br>Tel: 00352 (0) 26710134<br>Mobil: 0049 (0) 172 6034747<br>E-Mail:&nbsp;<a href=\"mailto:info@freko.com?subject=Kontakt%20via%20freko.com\">info[at]freko.com<\/a><\/p>\n<\/div>\n<\/div>\n\n\n\n<div class=\"wp-block-columns is-layout-flex wp-container-core-columns-is-layout-3 wp-block-columns-is-layout-flex\">\n<div class=\"wp-block-column is-layout-flow wp-block-column-is-layout-flow\">\n<iframe src=\"https:\/\/www.google.com\/maps\/embed?pb=!1m18!1m12!1m3!1d2573.6409877600813!2d6.7411233765208305!3d49.83041247148047!2m3!1f0!2f0!3f0!3m2!1i1024!2i768!4f13.1!3m3!1m2!1s0x47bfd5f09fd30b3b%3A0x60ecdf486641a250!2sFREKO%20GmbH%20Ger%C3%BCstbau!5e0!3m2!1sde!2sde!4v1702217009629!5m2!1sde!2sde\" width=\"400\" height=\"200\" style=\"border:0;\" allowfullscreen=\"\" loading=\"lazy\" referrerpolicy=\"no-referrer-when-downgrade\"><\/iframe>\n<\/div>\n\n\n\n<div class=\"wp-block-column is-layout-flow wp-block-column-is-layout-flow\">\n<iframe loading=\"lazy\" style=\"border: 0;\" src=\"https:\/\/www.google.com\/maps\/embed?pb=!1m18!1m12!1m3!1d2580.5875586455786!2d6.386200876513208!3d49.69973927145867!2m3!1f0!2f0!3f0!3m2!1i1024!2i768!4f13.1!3m3!1m2!1s0x47955d9229955e7b%3A0xeb41a6e18f77c488!2sFreko%20Echafaudages%20S.%C3%A0%20r.l.!5e0!3m2!1sde!2sde!4v1702213881924!5m2!1sde!2sde\" width=\"400\" height=\"200\" allowfullscreen=\"allowfullscreen\"><\/iframe>\n<\/div>\n<\/div>\n","protected":false},"excerpt":{"rendered":"<p>100% Expertise seit 1993. Unser Leistungsspektrum umfasst die Montage von Fassadenger\u00fcsten, Dachdeckerschutzger\u00fcsten, Rollger\u00fcsten sowie Sonderkonstruktionen.&hellip;<\/p>\n","protected":false},"author":1,"featured_media":0,"parent":0,"menu_order":0,"comment_status":"closed","ping_status":"closed","template":"","meta":{"_themeisle_gutenberg_block_has_review":false,"footnotes":""},"class_list":["post-218","page","type-page","status-publish","hentry"],"_links":{"self":[{"href":"https:\/\/freko.com\/index.php?rest_route=\/wp\/v2\/pages\/218","targetHints":{"allow":["GET"]}}],"collection":[{"href":"https:\/\/freko.com\/index.php?rest_route=\/wp\/v2\/pages"}],"about":[{"href":"https:\/\/freko.com\/index.php?rest_route=\/wp\/v2\/types\/page"}],"author":[{"embeddable":true,"href":"https:\/\/freko.com\/index.php?rest_route=\/wp\/v2\/users\/1"}],"replies":[{"embeddable":true,"href":"https:\/\/freko.com\/index.php?rest_route=%2Fwp%2Fv2%2Fcomments&post=218"}],"version-history":[{"count":42,"href":"https:\/\/freko.com\/index.php?rest_route=\/wp\/v2\/pages\/218\/revisions"}],"predecessor-version":[{"id":286,"href":"https:\/\/freko.com\/index.php?rest_route=\/wp\/v2\/pages\/218\/revisions\/286"}],"wp:attachment":[{"href":"https:\/\/freko.com\/index.php?rest_route=%2Fwp%2Fv2%2Fmedia&parent=218"}],"curies":[{"name":"wp","href":"https:\/\/api.w.org\/{rel}","templated":true}]}}